. Suppose -84 = -b - 2*b. What is the remainder when y(14) is divided by b?
26
Let f(o) = o**2 + 1. Let k(x) = x**3 - 3*x**2 - 24. Let b(s) = -3*f(s) - k(s). Calculate the remainder when b(0) is divided by 32/(-12)*(-12)/4.
5
Let y(n) = -21*n**2 - 17*n + 9. Let z(b) = -10*b**2 - 8*b + 4. Let a(k) = 2*y(k) - 5*z(k). Calculate the remainder when 87 is divided by a(-2).
15
Let x(t) = 18*t**2 - 13. Let d be x(4). Calculate the remainder when 3/(-12) - 362/(-8) is divided by d/22 - (6/(-4) + 2).
9
Suppose 4*g = -d + 11, 2*g + d - 1 - 6 = 0. Let s be 305/20*8/g. Let z = s + 26. Calculate the remainder when z is divided by 18.
15
Suppose 49*c + 1199 = 3404. What is the remainder when 1753 is divided by c?
43
Let u(s) be the first derivative of 24*s**2 - 5*s + 8. Let q be u(2). Suppose 5*m = 14 + q. What is the remainder when m is divided by 12?
9
Let r(x) = 8*x + 203. What is the remainder when 183 is divided by r(-24)?
7
Let f(m) = m**2 - 12*m + 36. Let n be ((-22)/(-3))/((-4)/(-6)). What is the remainder when 96 is divided by f(n)?
21
Suppose b + 2*w + 0*w - 66 = 0, -b + 72 = 5*w. Let r(y) = -y**3 - 9*y**2 - 9*y - 7. Let q be r(-8). What is the remainder when b is divided by -3 - 4/q*-6?
20
Suppose 29*z = 3378 + 2451. Calculate the remainder when z is divided by 51.
48
Let x(j) = -76*j + 80*j + 5 - 2*j**2 + 3*j**2. Suppose 0 = 4*m + 3*w - 21, -2*m + 4*w = 2 + 4. What is the remainder when m is divided by x(-3)?
1
Suppose 5*m = 4*m - 15. Let d be ((-4)/10)/(2/m). Suppose -28 = -2*k + 5*h, -h = 5*k + d*h - 70. Calculate the remainder when k is divided by 9.
5
Suppose 5*n + 2*l - 1005 = 0, -l = 3*n + l - 603. Calculate the remainder when n is divided by 10.
1
Let c(y) = y**3 + 10*y**2 - 15*y - 4. Calculate the remainder when c(-11) is divided by 17.
6
Let x(k) = -34*k. Let o be x(-1). Suppose 3*d + 38 = 50. Calculate the remainder when o/d + (-3)/2 is divided by 3.
1
Let z(q) = -8*q**3 - 21*q - 5 - 5*q**3 + 14*q**3 + 11*q**2 - 18. What is the remainder when z(-12) is divided by 11?
8
Suppose -6*l = -4*t - 2*l + 24, 2*t = 5*l + 15. Calculate the remainder when 279 is divided by t.
4
Suppose 0 = 5*b + 1 - 66. Calculate the remainder when 50*(-5 + 4)/(-1) is divided by b.
11
Suppose f - 2*m - 28 = 0, 71 = 5*f - m - 42. What is the remainder when f is divided by (-26)/(-1001)*11 + (-40)/(-7)?
4
Let m(z) = -2*z - 1. Calculate the remainder when ((12 - -101) + -7)*(-4)/(-8) is divided by m(-5).
8
Let c(s) = 4*s**2 - 2*s - 2. Let f be c(-1). Suppose 3*a = -f*q + 70, 31 = 2*q + 3*a - 7. What is the remainder when 62 is divided by q?
14
Let h = 997 - 835. Calculate the remainder when h is divided by 15.
12
Let u be (-12)/(-5)*80/6. Suppose 8 = 5*p - u. Suppose 2*n + 0*n = -10, 2*n + 58 = 4*f. Calculate the remainder when f is divided by p.
4
Let v = 2830 + -2591. Calculate the remainder when v is divided by 9.
5
Let u be (-45)/((1/20)/(2/(-15))). Suppose -18*i - u = -22*i. Calculate the remainder when i is divided by 19.
11
Suppose 0 = -30*h + 52*h - 7194. What is the remainder when h is divided by 57?
42
Let h(r) = -r - 25. Let m be h(0). Let x = m + 29. Calculate the remainder when 21 is divided by x.
1
Calculate the remainder when 15 is divided by -1 - (-48)/18 - 1/(-3).
1
What is the remainder when (4/6)/(2/81) is divided by (-2*(-2)/(-4))/(4/(-28))?
6
Suppose 2*p - 6 = 0, -5*p + 0*p - 45 = 3*h. Let r be 0 + 2/((-2)/35). Let i = h - r. Calculate the remainder when 28 is divided by i.
13
Let x = 869 - 836. Calculate the remainder when 385 is divided by x.
22
Let s = 101 + -48. Suppose -12*z + s = -11*z. What is the remainder when z is divided by 15?
8
Let o(w) = 21*w + 28. Calculate the remainder when o(2) is divided by 23.
1
Let k(c) = c**3 - 19*c**2 - 19*c + 81. Calculate the remainder when k(20) is divided by 17.
16
Let a(x) = x**2 + 3*x + 2. Let s be a(-2). Let h = 45 - s. Let b = 35 + -12. What is the remainder when h is divided by b?
22
Let c(a) = -a**3 + 10*a**2 + 5. Let w = 8 + 2. Let f be c(w). Suppose -f*i + 4*b = -346, b - 221 = -5*i + 130. What is the remainder when i is divided by 18?
16
Let g(y) = 27*y + 88. Calculate the remainder when 11 is divided by g(-3).
4
Let y = 10 - 0. Let s = y + -1. Suppose -s*f = -12*f + 213. Calculate the remainder when f is divided by 18.
17
Let b(f) = -f**3 + 20*f**2 - 14*f + 337. Suppose 2*j = 6*j - 40. What is the remainder when b(20) is divided by j?
7
Let d = -25 + -35. Calculate the remainder when 13 is divided by ((-14)/(-35))/((-3)/d).
5
Let z = -9 + 19. Calculate the remainder when 158 is divided by z.
8
Let z(x) = x**2 - 6*x - 7. Let f(t) = t**2 - 9*t - 13. Let b be f(10). What is the remainder when z(b) is divided by 1/(-4) + 90/8?
9
Calculate the remainder when 200 is divided by (-6)/(-2) + -6 + 55 + -1.
47
Let y(k) = -k**3 - k**2 - k. Let r(j) = 3*j**3 + 15*j**2 + j - 23. Let s(g) = r(g) + 4*y(g). Calculate the remainder when s(10) is divided by 24.
23
Suppose -3*c - 3*h + 92 = -82, 0 = 4*c + 2*h - 242. Calculate the remainder when c is divided by 60.
3
Suppose 11*h - 3724 = -8*h. Calculate the remainder when h is divided by 33.
31
Let b be (-6 - -2) + (-7 - -14). Suppose w + 0*w - 5*x - 7 = 0, -b*w = -4*x + 34. Let h = w - -137. Calculate the remainder when h is divided by 24.
23
Let s = -121 - 32. Let i = -102 - s. Calculate the remainder when i is divided by 19.
13
Let j = 13 + -6. Let d be 87 - 12/(0 + 4). Suppose -4*k - d = -j*k. What is the remainder when 109 is divided by k?
25
Suppose f = 2*f - 6. Suppose -m = 3*k, -k = -3*m + 3 + 7. Let s(x) = 24*x**2 + x. Calculate the remainder when s(k) is divided by f.
5
Let v(u) = 71*u + 1. Let m be v(-1). Let w = m + 103. What is the remainder when w is divided by 18?
15
Let r be 1*5*(-5)/(-5). Let d(f) = f**2 - 4*f + 1. Let w be d(r). Calculate the remainder when (-2)/w + 112/12 is divided by 4.
1
Suppose -10*o + 37 = -133. What is the remainder when 474 is divided by o?
15
Let j = -42 + 42. Suppose 0 = -4*w + 3*a + 14 + 23, -4*w - 5*a + 13 = j. Calculate the remainder when 13 is divided by w.
6
Let t(d) = -d - 5. Calculate the remainder when 8/12*(-33)/(-2) is divided by t(-9).
3
Let t(n) = -19 - 4*n**3 + 8*n + 5*n**3 + n**3 + 17*n**2 + 2*n. What is the remainder when t(-7) is divided by 18?
4
Let v = -17 + 22. Suppose v*g + 243 = d + 2*d, 3*d = 3*g + 237. What is the remainder when d is divided by 13?
11
Let v = 82 + -18. What is the remainder when 383 is divided by v?
63
Suppose 12 = 4*v - 2*u, v + 3*u - 3 = -0*v. Suppose 2*j + 9 = -4*d + 31, 37 = v*j + 5*d. What is the remainder when j is divided by -1 + (-8)/(-1) - 0?
5
Let i(b) = b**3 + 9*b**2 + 8*b + 3. Let k be i(-8). Suppose k*h = -3*r, 17 - 7 = -h - 3*r. Let v(d) = 3*d - 6. What is the remainder when 16 is divided by v(h)?
7
Let f(m) = -8*m - 25. Calculate the remainder when f(-12) is divided by 18.
17
Suppose -2*v + 3*n - 13 = 0, 0 = 4*n - 7*n + 15. Let i be (-2)/((-27)/(-33) - v). Suppose 76 = -7*z + i*z. Calculate the remainder when 37 is divided by z.
18
Let m(k) = -k**2 + 6*k + 15. Let z = 36 - 29. What is the remainder when 31 is divided by m(z)?
7
Let u(i) = i**2 - 18 - 11*i + 16*i + 0*i**2 + 4. Calculate the remainder when 37 is divided by u(-8).
7
Let h = 369 + -324. Calculate the remainder when 449 is divided by h.
44
What is the remainder when 329 is divided by (-219)/(8 + -11) - 5?
57
Suppose 4*k = -2*s + 52, 7 = s - 4*k - 1. Calculate the remainder when 179 is divided by s.
19
Suppose 3*q = 9 + 3. Suppose q*j = 14*j - 120. Calculate the remainder when (-2)/7 - 298/(-14) is divided by j.
9
Let a(v) = -v - 13. Let r be a(-18). Suppose m = -r*w + 28, 3*w = 3 + 6. What is the remainder when 38 is divided by m?
12
Let s be (2/4)/((-5)/10). Calculate the remainder when 85 is divided by (42/(-12) - -3)/(s/44).
19
Let t be (-5)/(-20)*(19 - -1). Suppose -8*h = t*h - 1248. Calculate the remainder when h is divided by 11.
8
Let f(x) = 5*x**3 - 1. Let t be f(1). Suppose 28 = -t*k + 92. Suppose 0 = -6*y - 8*y + 420. Calculate the remainder when y is divided by k.
14
Suppose m - 503 = 45. Calculate the remainder when m is divided by 19.
16
Let d = 56 + -79. Let b = d - -42. What is the remainder when 37 is divided by b?
18
Let z = 401 - 238. Suppose -2*l = -3*h - 58, 5*l - 4*h - z = -h. 